*3 + x**2/2 - x - 6. Calculate i(1).
6
Let s(j) = -3*j + 2*j + j**3 - 3 + 4*j**2 + j**2. Let w(t) = t + 2. Let g(a) = a**2 + 5*a - 7. Let b be g(-5). Let v be w(b). Determine s(v).
2
Let z(t) be the first derivative of -t**4/12 - t**3/6 + 3*t**2/2 + 1. Let r(w) be the second derivative of z(w). Let i = -4 - -5. What is r(i)?
-3
Let c be (-14*-1*1)/1. Let z be (-32)/c - (-4)/14. Let l(d) = -7*d + 19*d - 2*d - 11*d. Calculate l(z).
2
Let d(h) = -2*h + 3. Suppose 7 = 3*c + 4*f, c + 3*f = -0*c - 1. Calculate d(c).
-7
Let d(q) = -4*q - 3. Let v be d(-2). Suppose 17 = j - 5*j + 5*t, v*t = 5. Let f(w) = -3 - 3*w**2 + 2*w**2 + 1 - 2*w. What is f(j)?
-5
Suppose 3*s = 4*p + 1 - 15, -2*s - 3*p - 15 = 0. Let v(a) = -a**3 - 6*a**2 + a + 4. Determine v(s).
-2
Let f(a) = a**3 + 2*a**2 + a. Let z(q) = -q**2 + 7*q - 7. Let y be z(6). Let k be f(y). Let s(j) = -j + 9. Give s(k).
9
Let t(f) = f**2 + 3*f - 8. Let x(k) = -k**2 - 4*k + 9. Let n(v) = 7*t(v) + 6*x(v). Let h be n(4). Let b(p) = -5*p + 3. What is b(h)?
-7
Let k be (-4)/(-30) + 10/(-75). Let o(c) be the third derivative of -3*c**2 + k*c + 5/6*c**3 + 0 + 0*c**4 - 1/60*c**5. What is o(4)?
-11
Let w(l) = 6*l. Let q be w(-1). Let k(v) = -v**2 - 6*v - 1. What is k(q)?
-1
Suppose 32 = 4*i - 4*p, 2*i - 5*p - 26 = -p. Let b(a) = -a**2 + 5*a - 4. Calculate b(i).
2
Let x(n) = 5*n**2 + 23*n - 15. Let g(u) = u**2 + 9*u - 7. Let l be g(-9). Let y(f) = -3*f**2 - 12*f + 8. Let j(a) = l*y(a) - 4*x(a). Calculate j(7).
-3
Let f(y) = -2*y - 4*y**2 + y**3 - 4*y**3 + 3 + 2*y**3. Suppose 40 = -100*v + 90*v. Calculate f(v).
11
Let z(a) = a**2 + 6*a + 4. Let i(y) = 2*y - 3. Let l be i(-6). Let t = l - -11. What is z(t)?
-4
Suppose -4*w + 4 = -0*w. Let x(y) be the first derivative of -5*y**4/4 + 2*y**3/3 - y**2 + y + 27. Give x(w).
-4
Let g be 2*(10/(-4) - 0). Let q = -1 + 9. Let o(c) = -5*c - 1 + 4*c - q. Determine o(g).
-4
Suppose -f + 19 = 4*t, 2*f - 18 = -4*t + 12. Let z = f + -14. Let s(o) = -o**3 - 3*o**2 - 1. Calculate s(z).
-1
Let n(m) = m**2 - 8*m - 7. Let o(i) = 2*i**2 - 9*i - 8. Let p(x) = 4*n(x) - 3*o(x). Let f = -8 + 5. Determine p(f).
-7
Let z(k) = 3 + k + 0*k - 2 - 2*k. Let d = 1 - -1. Let a = -4 + d. Give z(a).
3
Suppose -12 = -2*x - 2*x. Let y be 12/(-20) + x/5. Let h(n) be the second derivative of n**3/6 + 3*n**2 - n. Give h(y).
6
Let k(v) = v**2 - 4 - 4*v + 16 - 10. Calculate k(4).
2
Let x(y) = -3*y**2 + 7*y - 6. Let a(m) = -m**2 + 2*m - 2. Let r(f) = -7*a(f) + 2*x(f). Let w = 78 + -80. What is r(w)?
6
Let w = -1 - -2. Let l(g) be the first derivative of -4*g + 4*g**2 - 2*g**2 + 5*g + 4 + 0*g. What is l(w)?
5
Let l(p) = -11*p. Suppose -7 = 5*i - 3*u, i - 5*u + 2*u = 1. Give l(i).
22
Let p(s) be the second derivative of s**4/12 - 5*s**3/6 - 3*s**2/2 + 58*s - 1. Let h = -1 - -6. Give p(h).
-3
Let l(j) = 63 - 72 + 4*j - 3*j + 2*j. Calculate l(6).
9
Suppose 4 - 2 = f. Let r(u) = 4 - u - f + 3*u. Suppose -4*s = -0*s + 12. Determine r(s).
-4
Let d(m) = -m**2 - 8*m - 8. Let u(l) = -2*l**2 - 41*l + 15. Let t be u(-21). What is d(t)?
4
Let m(h) be the second derivative of h**5/20 + 5*h**4/12 - 7*h**3/6 - 4*h**2 + 2*h. What is m(-6)?
-2
Let u(g) = -4*g**2 + 2*g + 3. Let c(r) = 5*r**2 - 2*r - 2. Let n(p) = -4*c(p) - 3*u(p). What is n(1)?
-7
Let i(v) = 1 + v**2 - 6 + 4. Give i(2).
3
Let c(q) be the third derivative of q**6/120 - q**5/15 - q**4/24 + q**3/6 - 3*q**2. Suppose 4*x + v = 13, -2*x - 3*x + 26 = -2*v. What is c(x)?
-3
Let v = 2 + 0. Suppose -3*w + v*w = 4*a - 7, -5*w = 5. Let r(m) = -4*m + 4 + 6*m + a*m. Determine r(-3).
-8
Let q(y) = -y**3 + 5*y**2 + 2*y - 5. Let c(r) = 4*r + 4. Let o be c(-3). Let n = o + 13. Calculate q(n).
5
Let k(u) be the third derivative of -u**6/120 - 7*u**5/60 - u**4/4 - 3*u**3/2 + 9*u**2 + 1. What is k(-6)?
-9
Let r(v) = v**3 + v**2 - v + 1. Suppose l + 4*u - 1 = 19, -3*l = 5*u - 25. Suppose -14 = -4*i + 2. Suppose f + i*f = l. Determine r(f).
1
Let l(j) = 4*j - 3. Let p = -4 + 8. Suppose 9 = p*m + b - 0, 2*m - 9 = -5*b. What is l(m)?
5
Let n = -14 + 10. Let b(t) = t**3 + 4*t**2 - t - 5. Give b(n).
-1
Suppose 5*n - 10 = 5*l, 2*n + 0*l - 16 = -4*l. Let k(u) = 7*u - 3. What is k(n)?
25
Let m(l) = 7 - 9 + l + 4*l**2 - 3*l - l**3. Give m(3).
1
Let g(y) = 4*y + 5. Let j(i) = 11*i + 15. Suppose -7*u - 40 = -2*u. Let z(o) = u*g(o) + 3*j(o). What is z(-5)?
0
Let g(r) = 6*r**3 - 3*r**2 + 1. Let y(z) = z**3 - z**2. Let a(s) = g(s) - 3*y(s). What is a(-1)?
-2
Let h(j) = -8*j**2 + j + 9. Let m(f) = -3*f**2 + 3. Let i(t) = -4*h(t) + 11*m(t). Suppose 0 = -6*n + 10*n + 8. Give i(n).
1
Let m(t) = 3*t + 17. Let w be ((-112)/(-32))/((-2)/4). Let c be m(w). Let y(k) = k**2 + 5*k. Determine y(c).
-4
Let n(t) = -1 - 167*t + 162*t + 2. What is n(1)?
-4
Let m(w) = -w**2 + 7*w - 16. Let y be m(4). Let g(f) = -f - 1. Give g(y).
3
Let f = 6 + -4. Let r(n) be the first derivative of f + 5*n**2 + n - 3*n**2 + 0*n**2. Give r(1).
5
Let n(p) = -p**3 + p**2 - 1. Let o = -36 - -38. Give n(o).
-5
Let f(s) = -9*s**2 + 4*s + 1. Let u(j) = -4*j**2 + 2*j + 1. Let k(n) = 3*f(n) - 7*u(n). Let l(r) = r + 12. Suppose -2*i - 3 = 15. Let b be l(i). Determine k(b).
-1
Let s(f) be the second derivative of f**5/120 - f**4/6 + f**3/3 - 5*f. Let x(j) be the second derivative of s(j). Determine x(7).
3
Suppose 11 = 2*v + 7. Let k(r) = 0 + 4 - 3 - 6*r + r**2 + 2. Determine k(v).
-5
Let f = -4 - -4. Let u(k) = 5*k - 3. Let r be u(2). Let s(p) = 0*p - r - 2*p + p - p**2. What is s(f)?
-7
Suppose -2*m = -5*m - 2*n + 14, 5*m - 2*n - 18 = 0. Let d(r) = r + 8. Let c(f) = 2*f + 23. Let q = 2 + -10. Let s(k) = q*d(k) + 3*c(k). Determine s(m).
-3
Suppose -5*x + 0*k + 15 = -k, -5*x - k = -5. Let m(o) = o**3 + 2*o**2 - 2*o**3 - 1 + 0 + 2*o**x - 2*o. Determine m(2).
3
Suppose 9 = -5*u + 24. Let i(r) = r - 1 + u*r - 3*r. Give i(-4).
-5
Let y(g) = 8 - 6 + g**2 - 5 - 3*g. Give y(3).
-3
Let y(t) = t**3 - 5*t**2 - 6*t - 6. Let l be -6 + 3 - (-8 + -1). Calculate y(l).
-6
Let g(w) = w - 2. Suppose 10*z - 2*z = 24. Determine g(z).
1
Let q(w) = 2*w**2. Let p be -5*7/((-140)/8). What is q(p)?
8
Let v(o) be the second derivative of -o**3/6 - 2*o**2 - 4*o. Calculate v(-5).
1
Let i(g) be the third derivative of -g**6/120 + g**5/15 - g**4/24 + g**3/6 - 8*g**2. Calculate i(4).
-3
Let a(c) be the second derivative of -c**5/60 - c**4/12 - c**3/6 - c**2 - c. Let v(m) be the first derivative of a(m). What is v(-1)?
0
Suppose -3*n + 8 + 9 = -4*f, -2*n = 2. Suppose 1 + 1 = r. Let q(k) = 2*k**3 + 4*k + 8*k**r - k**3 - 2*k**2. What is q(f)?
5
Let l(k) = k**2 + 6*k + 6. Let v = 30 - 20. Suppose -2*z + 4*z = -v. What is l(z)?
1
Let a = -2 - -7. Let r be -6*(2/2)/2. Let s(t) = 4*t - 3. Let p(u) = -3*u + 4. Let b(q) = r*p(q) - 2*s(q). Determine b(a).
-1
Let w(d) = -d**2 - 2*d - 6. Let u = -3 + -1. Calculate w(u).
-14
Let l be 7/(147/(-6))*-7. Suppose 18 = l*z + 3*f - 0*f, 4*z - 4*f + 4 = 0. Suppose z*y = y + 8. Let i(a) = -a**2 + 5*a - 6. Determine i(y).
-2
Let l be (-1)/((-132)/(-756) + (-2)/7). Let g(m) = m**3 - 10*m**2 + 9*m - 6. Determine g(l).
-6
Let r(s) = s**3 + 6*s**2 + 5*s - 4. Suppose 5*a + 24 = x, -6*a + 5*x = -a + 20. Give r(a).
-4
Let v be (-33)/(-15) + (-1)/5. Let r(c) = c**3 - 3*c**2 - c + 2. Let t be r(v). Let o(m) be the first derivative of -3*m**2/2 - 6*m + 2. Calculate o(t).
6
Let t = 134 - 126. Let q(f) = f**3 - 8*f**2 + f + 2. Calculate q(t).
10
Let q(v) = v**2 + 2*v + 1. Let o be 0/(4 + (0 - 3)). Suppose 10*a - 5*a - 20 = o, 2*a = 4*f + 8. Let l be 9/(f + -3) + 2. Give q(l).
0
Let r(y) = y**2 + 7*y + 4. Let g be (-2 + 2)/(2/(-2)). Let p be 6/3 - g/(-2). Suppose 20 = -p*w - 2*w. Calculate r(w).
-6
Let d(c) = -c**3 + 2 - 2*c**2 + 10*c**3 - 3*c**3 - 5*c**3. Give d(-2).
-14
Let p(o) = o + 3*o - 5*o**2 + 4*o**2 - 1. Let n be -2*((-4)/(-36) - 20/18). Give p(n).
3
Let u(d) = d**3 - 6*d**2 + 2*d - 8. Let j = -9 - -15. Determine u(j).
4
Let f(b) = -4*b - 1. Let l be f(1). Let h(v) = 7*v**2 + 14*v + 15. Let p(g) = 11*g**2 + 21*g + 23. Let a(r) = l*p(r) + 8*h(r). What is a(-7)?
5
Let h(q) be the first derivative of -q**3/3 + 3*q**2/2 + 3*q + 2. Suppose -20 = -4*y + 4. Let l = y + -3. Determine h(l).
3
Suppose 0 = -d + 5*d - 16. Let w(g) = -3*g + 4 - d*g - 2 - 2*g**2 + 3*g**2. Determine w(3).
-10
Let n(j) = -j**3 - 3*j**2 + 11*j + 7. Let g be n(-5). Suppose g